+ 684. Let u = 22 + -10. What is the greatest common factor of r and u?
12
Let c be (-9698)/(-22) - (-250)/1375. Calculate the greatest common divisor of c and 133.
7
Let x be 1072/(-136) - -8 - 3160/(-17). What is the highest common factor of 42 and x?
6
Let g be 1*((-1771)/(-46) + 3/(-12)*2). What is the greatest common factor of 12065 and g?
19
Suppose 447 = 3*x - 453. Let r = x - 179. Let k be (-36)/(-60) + (-156)/(-15). What is the greatest common factor of r and k?
11
Let q(x) = -4*x - 7 + 10*x + 8 + 16*x. Let o be q(5). Let p = 18 + 56. What is the highest common factor of o and p?
37
Let n = 590 - 306. Suppose -12*x + n = -220. Calculate the greatest common divisor of 28 and x.
14
Suppose -3*t = -3*x - x - 399, -3*x - 273 = 3*t. Let i = x - -136. What is the greatest common factor of i and 120?
40
Let z(u) = u**2 - 15. Let p be z(3). Let s be (-2)/4 - 123/p. What is the highest common divisor of 40 and s?
20
Let u = 55 + -31. Let k = -4999 + 5001. What is the highest common divisor of k and u?
2
Suppose -5*x = -3*s + 2*s - 3574, -4*s - 1426 = -2*x. Let z be (2/(-12))/((-9)/4158) + -12. What is the greatest common factor of x and z?
65
Let b = 28740 - 28397. Calculate the highest common divisor of b and 56.
7
Let i = -6195 - -6259. Calculate the highest common factor of 1680 and i.
16
Let y(f) = 19 + 4*f + 9*f + 4*f. Let t be y(5). Let x(m) = -2*m**3 - 3*m**2 - m + 2. Let c be x(-2). Calculate the highest common divisor of t and c.
8
Let l = -11868 - -18727. What is the greatest common divisor of l and 57?
19
Suppose 805 = 12*p - 291 - 4736. What is the highest common divisor of 72 and p?
18
Let f be -4*(18 + -8 + -17). What is the greatest common factor of 196 and f?
28
Let f = 109 - 108. Suppose -f = 2*l - 7. Suppose 0 = o + 2, -4*d - 4 = 5*o + 2. Calculate the highest common divisor of l and d.
1
Let h be (-50)/(-20)*4/5. Let k be 0 + 16 - (h + -3). Suppose -510 = -3*b + 3*u, -b + 193 = u + 23. What is the highest common divisor of k and b?
17
Suppose 2*x - 5*v = 249, -222*x + 221*x = 3*v - 141. What is the greatest common divisor of x and 4380?
12
Suppose -2377 = 26*c - 9*c - 2445. What is the highest common factor of 2278 and c?
2
Suppose 6 = 6*d - 12. Suppose d*s = 4*s - 12. Let w be s/28 - (-62)/(-14) - -49. What is the greatest common factor of 15 and w?
15
Let x = -414 + 579. Let z = x + -162. Calculate the greatest common divisor of 114 and z.
3
Let s(t) = 9*t**2 - 5*t + 8. Let n be s(3). Let h be (111/n)/((-6)/(-44)). Calculate the greatest common divisor of h and 77.
11
Let w(l) = l**2 + 19 - 4*l**2 + 3*l - 37 - 1 + 4*l**2. Let x be w(-8). Let u = 431 + -284. What is the greatest common divisor of x and u?
21
Let i(x) = 3*x**2 + 3*x + 10. Let h(o) = -4*o**2 - 2*o - 11. Let b(p) = 2*h(p) + 3*i(p). Let j be b(-9). What is the highest common divisor of 308 and j?
44
Suppose 10*r = 5*a + 15*r - 11280, 0 = -a + 4*r + 2251. What is the highest common divisor of 22 and a?
11
Suppose 0 = 5*z - 80 - 200. Let q(x) = -102*x**2 - 779*x - 327. Let g be q(-7). Calculate the highest common factor of z and g.
8
Let k = 734 - 139. Suppose 0 = -10*v + 15*v - k. What is the highest common divisor of 14 and v?
7
Suppose -145*t = 86*t - 33033. Suppose -650 = c - 6*c. Calculate the greatest common divisor of t and c.
13
Suppose 4*w = 7*p - 8*p + 198, 4*w = 2*p + 204. What is the greatest common divisor of w and 1850?
50
Let m = 47 + 40. Suppose 5*w = 3*i - 2*i + 91, -4*w + m = -i. Let q = -57 - i. Calculate the highest common divisor of q and 126.
14
Let u(s) = 18*s + 12 - 4 + 18*s**3 + 20*s**2 - 16*s**3 + 3*s + 4. Let q be u(-8). Calculate the highest common factor of 30 and q.
10
Let m be 441 - 439 - (-1)/(-2)*3*2. Suppose 0 = -f + 31 - 13. Let o be (24/f + -2)/(m/6). What is the highest common divisor of o and 3?
1
Suppose 4 = g, -870 = -r - 2*g + 5*g. Suppose 6*t = -3*t - r. Let l = -38 - t. What is the greatest common factor of l and 90?
30
Suppose 5*o + 20 - 74 = 3*f, 30 = 5*o + 5*f. What is the highest common divisor of 3375 and o?
9
Suppose -1313*f - 199296 = -1337*f. Calculate the greatest common divisor of 16 and f.
16
Let v(c) = c - 8. Let y be v(29). Calculate the highest common factor of 27 and y.
3
Let f(c) = c**3 - 8*c**2 - 13*c - 6. Let s be f(14). Suppose -3*p + 7*p + 5*t - 1973 = 0, 2*p - s = -2*t. Calculate the highest common divisor of p and 7.
7
Suppose 3*i - 2*i = 4*s + 42, -4*s - 54 = 5*i. Let y be (-6)/(-36) - (-410)/(-12). Let x = s - y. Calculate the highest common factor of x and 92.
23
Let k be (-350384)/(-4880) - 92/(-10). Let u = 15 - 9. Calculate the highest common factor of u and k.
3
Suppose -a + 16 = 3*a. Suppose -27 = -m + 3*z, -8*m - a*z + 4 = -6*m. Calculate the highest common factor of 12 and m.
12
Let f be ((136/8)/(8 + -3))/((-27)/(-675)). Calculate the highest common divisor of f and 135.
5
Suppose 1044644 = 82*m + 182332. What is the highest common factor of 44 and m?
44
Let c = 115 + -30. Suppose -2*r + 5*d = 4, 5*r - 5*d = 11 + 9. Suppose r = 2*w - 60. What is the greatest common divisor of c and w?
17
Suppose -2177*r - 6762 = -2183*r. Calculate the highest common factor of 1610 and r.
161
Suppose 0 = -3*g + 564 + 21. Suppose 29 = 25*h - 46. Suppose -10 = d - 5*r, 15 = -h*r + 30. What is the highest common divisor of g and d?
15
Let o(f) = -157*f**3 + 957*f**2 - 5*f + 6. Let h be o(6). What is the highest common divisor of h and 28724?
172
Let f(t) = -t**2 - 80*t + 162. Let n be f(0). What is the greatest common divisor of n and 1566?
54
Let t be (13 + 24)/(2 + 3 + (-76)/16). What is the greatest common factor of t and 1332?
148
Suppose 0 = 6*c - 64 - 2. Let g(f) = -11*f - 32. Let u be g(c). Let j = -75 - u. Calculate the highest common factor of 52 and j.
26
Let g = 15 + -14. Let y be (-3*g)/(15/(-40)). Let x = 513 - 512. Calculate the greatest common divisor of y and x.
1
Suppose 4*d - 5*y - 23 = 0, 4*d + 32*y - 28*y = -4. What is the highest common divisor of 202 and d?
2
Suppose -8 = -o - 6, l + o = 13. Suppose 3*z - 12*n + l*n - 89 = 0, z - 2*n - 38 = 0. What is the greatest common factor of z and 784?
28
Let a = 16088 + -15307. Calculate the greatest common factor of 2556 and a.
71
Let x be 1068 - (-3*(-44)/(-33) - 0). What is the highest common divisor of 208 and x?
16
Suppose -2*x = 6, 0 = d + 2*x - 14 + 18. Suppose d*i = -5*y + 160, 2*y - 8 = -0*y. Calculate the highest common factor of i and 770.
70
Suppose -2*c + 2008 = 2*t, 3*t - t = 3*c + 2038. Calculate the highest common divisor of t and 30.
10
Suppose -19*c - 3804 = -20*c - 4*x, c + 5*x = 3803. What is the highest common factor of 102 and c?
34
Let n = -5188 + 7736. What is the greatest common divisor of 52 and n?
52
Suppose -174*j + 8902 = 2116. What is the greatest common divisor of j and 1651?
13
Suppose b = 2*v + 32, b = -13*v + 12*v + 44. Let i = -32 - -14. Let x be 103*1 - i/(-6). What is the greatest common divisor of x and b?
20
Let m(o) = -8*o**3 - 17*o**2 + 10*o - 84. Let n be m(-8). What is the greatest common divisor of 90 and n?
18
Let x(r) = -r**3 - 17*r**2 - 131*r + 16. Let f be x(-18). What is the highest common factor of 114 and f?
38
Let l = 45753 + -45747. Let x = 1 + 1. Calculate the highest common factor of x and l.
2
Let g(d) be the first derivative of -d**3/3 + 4*d**2 + 3*d + 82. Let l be g(8). Suppose 3 = -5*n + 18. Calculate the highest common factor of l and n.
3
Let p = -900 + 3164. What is the greatest common divisor of 8 and p?
8
Let b be (-14524)/(-30) + (-10)/75. Let q(r) = r**3 - 5*r**2 + 2. Let g be q(5). Suppose 62 = g*m - 26. Calculate the greatest common divisor of b and m.
44
Let z = -8034 - -8890. What is the highest common divisor of z and 1498?
214
Let z(a) = 22*a - 92. Let q be z(13). Let f = q - 182. What is the greatest common factor of 16 and f?
4
Suppose 20 = o + 3*o, 3*o + 33 = 4*u. Suppose -3*q - 4*y + 0*y + 240 = 0, -u = 4*y. Calculate the highest common divisor of 60 and q.
12
Let l be 120/9*(-594)/(-264). Suppose -45 = -2*z + z. Calculate the highest common divisor of z and l.
15
Let s = -14047 - -14571. What is the greatest common factor of 16 and s?
4
Suppose 0*a + 786 = 5*a - 18*y, 2*y = 4*a - 666. Calculate the greatest common factor of a and 1068.
12
Suppose 7*x - 5*x = f + 74, 